mon factor of 53 and d.
53
Let p be -40*((-14)/(-35))/((-8)/5). Let t = -24 - -34. What is the highest common divisor of p and t?
10
Suppose 18*y = -55*y + 10585. Calculate the highest common divisor of 6815 and y.
145
Let t(k) = 707*k - 248. Let r be t(2). Calculate the highest common divisor of r and 66.
22
Let z = 77 + -66. Suppose 0 = -w + z*w - 10. Let m(h) = 4*h - 1. Let a be m(2). What is the highest common divisor of w and a?
1
Let t be -8*5/20*-6. Suppose -t*h - 60 = -14*h + 3*o, 3*o = 4*h - 120. Calculate the highest common divisor of 570 and h.
30
Let r be (6 + -2 + 23)/(0 - -1). What is the greatest common factor of r and 1128?
3
Suppose -4*f + 2*f - 3*o = 0, -f = 5*o + 14. Suppose -560 - 178 = -f*v. What is the highest common factor of v and 82?
41
Let q(x) be the first derivative of -5*x**2 + 25*x + 24. Let c be q(2). What is the highest common factor of 4 and c?
1
Suppose -3*l = 12, 2913 = 4*y - 3*l + 429. What is the highest common divisor of 6 and y?
6
Let q(r) = -325*r**3 - 3*r**2 + 2. Let i be q(-1). Suppose 136 = 2*o + 4*b, -3*b = -3*o + 2*o + 78. Calculate the highest common divisor of i and o.
36
Suppose 36*c - 1916 = 70336. What is the greatest common factor of 18 and c?
9
Suppose 4*i = 3*n + 2743, 2*i - 2*n = 2*n + 1364. Let z = 701 - i. Calculate the highest common factor of z and 234.
13
Let s be (-4348)/14 - (-90)/(-210). Let q = s - -900. What is the greatest common divisor of 19 and q?
19
Let c(v) = 6*v - 7. Let u be c(20). Let o = u - 108. Calculate the greatest common divisor of 5 and o.
5
Let q be (3/2)/(2/36). Suppose 4*m = 2*v + 80, 1642*m + 97 = 1647*m - 4*v. What is the highest common factor of q and m?
3
Let p = 3272 - 3236. Calculate the greatest common factor of p and 5004.
36
Let r = -13005 + 13125. Let c be 2 + 11 - (1 + -3). What is the highest common factor of c and r?
15
Let p(l) = -9*l + 22. Let a be p(-2). Let y be ((-144)/a)/(6/(-100)) + -3. Calculate the greatest common divisor of y and 76.
19
Let b = 4816 + -4106. What is the greatest common factor of b and 1562?
142
Suppose 19*v - 13241 = 10916 + 9074. Calculate the highest common factor of 3657 and v.
159
Suppose v = -0*v + 188. Suppose 0 = 25*l - 40*l + 705. What is the highest common factor of l and v?
47
Let v be 56/(-98) + (-24)/7 + 7. Let u be (-2)/(1 + v/(-6))*-3. Calculate the greatest common divisor of 66 and u.
6
Let f be 3 - (-1)/((-1)/(-128)). Let m(z) = -8*z - 155. Let r be m(-11). Let c = r + f. What is the highest common divisor of 8 and c?
8
Suppose 37 = 4*l - 7. Suppose 9*q = -249 - 435. Let o = 1 - q. Calculate the greatest common divisor of l and o.
11
Suppose -4*k + 726 = 2*k. Suppose -3*f = 50 + k. Let i = -55 - f. What is the greatest common divisor of i and 10?
2
Suppose 5*t + 40 = 92 - 47. Calculate the highest common divisor of 71 and t.
1
Let c = 179 + -95. Let k(j) = 70*j**2 - 1. Let z be k(-1). Suppose -5*m + x = -69 - z, -x = -3*m + c. What is the greatest common factor of 18 and m?
9
Let r = 391 - -148. What is the highest common factor of r and 1715?
49
Suppose 3181 = 206*j - 1351. What is the highest common divisor of j and 38170?
22
Let g(w) = -w**2 - 13*w + 170. Let q be g(8). Suppose 3*r + 18 + 30 = q*d, 23 = d - r. What is the greatest common factor of d and 48?
3
Let n = -20 - -18. Let m be 1 - -150 - n/1. Suppose -k - 3*k = 2*g - 46, 0 = -2*g - 3*k + 43. What is the highest common divisor of m and g?
17
Let k(u) = -5*u - 3. Let c be k(-2). Let m(f) = -3*f - 15. Let d be m(4). Let x(t) = 2*t + 68. Let h be x(d). What is the highest common divisor of h and c?
7
Let b = -730 + 4205. Calculate the highest common divisor of b and 139.
139
Let u = -29152 - -29163. Calculate the greatest common divisor of 26851 and u.
11
Suppose -2*s - 1097 = 4*y - 2803, 374 = y - 10*s. Suppose 0 = 3*m + 4*c - 171, m + 0*m = -c + 56. Calculate the greatest common divisor of m and y.
53
Let f = 12946 - 12919. Let i(x) = x**2 + 7*x + 2. Let p be i(-7). Let d be -2 + 1 + p*14. What is the greatest common divisor of d and f?
27
Let g = -2270 - -2458. Calculate the greatest common divisor of g and 4042.
94
Let t = 596539 - 596429. Let m = -104 - -170. Calculate the greatest common divisor of t and m.
22
Suppose -3*y = -3*z + 18, 4 = -2*y - 0*y. Let r be (15 - 2)/((8/14)/z). Calculate the highest common factor of 26 and r.
13
Suppose 3*j + 0*l = l + 74, 4*j = -4*l + 120. Let z(r) = 4 - 2 - 5*r**2 - 3*r + j*r**2. Let a be z(1). Calculate the highest common factor of 50 and a.
10
Let i be (-25 - -13)*(-1)/2*(7 + -5). Let r = -11 - -2. Let g = r - -27. Calculate the highest common divisor of g and i.
6
Let h(m) = -5*m**3 - 106*m**2 - 25*m + 69. Let b be h(-21). What is the highest common factor of b and 4794?
51
Suppose -3*y + 46572 = 3*t + 9261, -y - 3*t = -12447. Calculate the highest common factor of y and 148.
148
Suppose -26*r - 10616 = -34*r. Suppose -10*j - r = -7787. Calculate the greatest common divisor of j and 38.
38
Let c be (-285725)/(-325) + 4/(-26) - -6. What is the greatest common divisor of 960 and c?
15
Suppose 8103 = 3*v - 5*a, 4*v = -26*a + 16*a + 10804. Calculate the highest common factor of 73 and v.
73
Let l = 125 - 122. Let s be (-1)/6*l*-2. Calculate the highest common divisor of 23 and s.
1
Let q be (-1944030)/(-1155) - (26/(-14) - (-1 - 1)). Calculate the highest common factor of q and 495.
99
Suppose -3*g + 4*p + 13 = -391, 0 = g - 3*p - 138. Suppose 54 - g = -2*u. Let z be (((-12)/(-9))/2)/(2/u). What is the greatest common factor of 117 and z?
13
Let z = 11 + 33. Let m = z - -98. Let g = -84 + m. Calculate the highest common factor of 145 and g.
29
Let v = 32 - 22. Let f be 2*545/v - -3. Let d = 374 + -360. Calculate the highest common factor of d and f.
14
Suppose -4*j = -24 - 4. Suppose -432 = -10*v + j*v. Let s(d) = 5*d - 26. Let m be s(10). Calculate the greatest common divisor of v and m.
24
Let n be (-4100)/(-2460) - (-5)/6*10558. Calculate the greatest common factor of n and 22.
22
Let v = -18 + 14. Let l be 163 + (-1 - v/(-2)). Let j = -1258 + 1278. Calculate the greatest common divisor of j and l.
20
Suppose -5*l + 2*l = 0. Suppose l = -3*f + 6*f - 51. Let s = 953553 + -953332. What is the highest common factor of f and s?
17
Let k(o) = 8*o + 6. Let f be k(8). Let g = 28585 - 28525. What is the highest common divisor of f and g?
10
Let u(r) = -1575*r - 4458. Let s be u(-3). Calculate the greatest common factor of 13795 and s.
89
Let m be (-3 - 228)/((-219)/146). Let y be 6/((-6)/(-2)) - -20. What is the highest common divisor of y and m?
22
Let k(h) = -h + 20. Let n be k(24). Let l(j) = -7*j - 24. Let f be l(n). Suppose 0*q = 3*q - 15, -q = f*r - 233. What is the highest common factor of 19 and r?
19
Let q be (-42)/(-9)*216/21. Let f = -40 - -32. Let x = q - f. What is the greatest common factor of 8 and x?
8
Let q be 1 + 41*(2 + -1). Suppose -3*k = 2*u - 180, 5*k = -3*u + 327 - 29. What is the greatest common divisor of q and k?
14
Let b(y) = -y**3 + 38*y**2 - 37*y + 40. Let g be b(37). Let j be (26/(-4))/(3 - 124/g). What is the highest common divisor of j and 130?
65
Let h(n) = 43*n + 11. Let r be h(9). Let t = -150 + r. Suppose -3*z = -3, -t - 201 = -4*p - z. Calculate the highest common factor of p and 16.
16
Let t be 40/200 - 4197/(-15). Calculate the highest common divisor of 84 and t.
28
Suppose -9*h - 12*h = -6195. Suppose -10*b + h = -15. What is the highest common factor of b and 62?
31
Let c(j) = -2*j - 37. Let f be c(-21). Suppose 15*r - 50 = f*r. Suppose -h + 17 = -r*q - 13, 0 = h - 3*q - 26. Calculate the highest common divisor of 20 and h.
20
Suppose -4*i - m + 19 = -0*m, i + m = 4. Let b(x) = -9*x + i + 1 - 3 + 0. Let f be b(-1). Calculate the highest common factor of 12 and f.
12
Let h(i) = 3*i**2 - 3. Let y be h(-7). Suppose 5*o - 52 + 42 = 0. Suppose -p = -4, -o*p + 56 = 4*c - 4*p. What is the highest common divisor of y and c?
16
Let i(u) = 8*u + 121. Suppose -4*j = 60*g - 61*g + 32, -5*g - 5*j + 35 = 0. Let s be i(g). What is the highest common factor of s and 7?
7
Let r(x) = -44*x - 496. Let g be r(-12). Calculate the greatest common divisor of g and 976.
16
Let r(j) = -j**2 - 9*j - 8. Let c be r(-6). Let a = -63 - -293. What is the greatest common factor of c and a?
10
Let